[INFO] cloning repository https://github.com/1aguna/rust-tracer
[INFO] running `Command { std: "git" "-c" "credential.helper=" "-c" "credential.helper=/workspace/cargo-home/bin/git-credential-null" "clone" "--bare" "https://github.com/1aguna/rust-tracer" "/workspace/cache/git-repos/https%3A%2F%2Fgithub.com%2F1aguna%2Frust-tracer", kill_on_drop: false }`
[INFO] [stderr] Cloning into bare repository '/workspace/cache/git-repos/https%3A%2F%2Fgithub.com%2F1aguna%2Frust-tracer'...
[INFO] running `Command { std: "git" "rev-parse" "HEAD", kill_on_drop: false }`
[INFO] [stdout] bf44c58d6a2bc5f7b5946d91f2632a2d98189cfd
[INFO] building 1aguna/rust-tracer against master#ff34b919075f35a1787659e9c448a34b06bab8de for issue-85264
[INFO] running `Command { std: "git" "clone" "/workspace/cache/git-repos/https%3A%2F%2Fgithub.com%2F1aguna%2Frust-tracer" "/workspace/builds/worker-2/source", kill_on_drop: false }`
[INFO] [stderr] Cloning into '/workspace/builds/worker-2/source'...
[INFO] [stderr] done.
[INFO] validating manifest of git repo https://github.com/1aguna/rust-tracer on toolchain ff34b919075f35a1787659e9c448a34b06bab8de
[INFO] running `Command { std: "/workspace/cargo-home/bin/cargo" "+ff34b919075f35a1787659e9c448a34b06bab8de" "metadata" "--manifest-path" "Cargo.toml" "--no-deps", kill_on_drop: false }`
[INFO] started tweaking git repo https://github.com/1aguna/rust-tracer
[INFO] finished tweaking git repo https://github.com/1aguna/rust-tracer
[INFO] tweaked toml for git repo https://github.com/1aguna/rust-tracer written to /workspace/builds/worker-2/source/Cargo.toml
[INFO] crate git repo https://github.com/1aguna/rust-tracer already has a lockfile, it will not be regenerated
[INFO] running `Command { std: "/workspace/cargo-home/bin/cargo" "+ff34b919075f35a1787659e9c448a34b06bab8de" "fetch" "--manifest-path" "Cargo.toml", kill_on_drop: false }`
[INFO] [stderr]     Blocking waiting for file lock on package cache
[INFO] [stderr]     Blocking waiting for file lock on package cache
[INFO] running `Command { std: "docker" "create" "-v" "/var/lib/crater-agent-workspace/builds/worker-2/target:/opt/rustwide/target:rw,Z" "-v" "/var/lib/crater-agent-workspace/builds/worker-2/source:/opt/rustwide/workdir:ro,Z" "-v" "/var/lib/crater-agent-workspace/cargo-home:/opt/rustwide/cargo-home:ro,Z" "-v" "/var/lib/crater-agent-workspace/rustup-home:/opt/rustwide/rustup-home:ro,Z" "-e" "SOURCE_DIR=/opt/rustwide/workdir" "-e" "CARGO_TARGET_DIR=/opt/rustwide/target" "-e" "CARGO_HOME=/opt/rustwide/cargo-home" "-e" "RUSTUP_HOME=/opt/rustwide/rustup-home" "-w" "/opt/rustwide/workdir" "-m" "1610612736" "--user" "0:0" "--network" "none" "ghcr.io/rust-lang/crates-build-env/linux@sha256:20528e8c29e4536546f0102ce88568b16ea7538393a33fcca951030f7af10457" "/opt/rustwide/cargo-home/bin/cargo" "+ff34b919075f35a1787659e9c448a34b06bab8de" "metadata" "--no-deps" "--format-version=1", kill_on_drop: false }`
[INFO] [stdout] 723e5c7c88d1a9fdf17edb7fdd5290bb6c3e4f497acd61ffea18ac3bc329e637
[INFO] [stderr] WARNING: Your kernel does not support swap limit capabilities or the cgroup is not mounted. Memory limited without swap.
[INFO] running `Command { std: "docker" "start" "-a" "723e5c7c88d1a9fdf17edb7fdd5290bb6c3e4f497acd61ffea18ac3bc329e637", kill_on_drop: false }`
[INFO] running `Command { std: "docker" "inspect" "723e5c7c88d1a9fdf17edb7fdd5290bb6c3e4f497acd61ffea18ac3bc329e637", kill_on_drop: false }`
[INFO] running `Command { std: "docker" "rm" "-f" "723e5c7c88d1a9fdf17edb7fdd5290bb6c3e4f497acd61ffea18ac3bc329e637", kill_on_drop: false }`
[INFO] [stdout] 723e5c7c88d1a9fdf17edb7fdd5290bb6c3e4f497acd61ffea18ac3bc329e637
[INFO] running `Command { std: "docker" "create" "-v" "/var/lib/crater-agent-workspace/builds/worker-2/target:/opt/rustwide/target:rw,Z" "-v" "/var/lib/crater-agent-workspace/builds/worker-2/source:/opt/rustwide/workdir:ro,Z" "-v" "/var/lib/crater-agent-workspace/cargo-home:/opt/rustwide/cargo-home:ro,Z" "-v" "/var/lib/crater-agent-workspace/rustup-home:/opt/rustwide/rustup-home:ro,Z" "-e" "SOURCE_DIR=/opt/rustwide/workdir" "-e" "CARGO_TARGET_DIR=/opt/rustwide/target" "-e" "CARGO_INCREMENTAL=0" "-e" "RUST_BACKTRACE=full" "-e" "RUSTFLAGS=--cap-lints=forbid" "-e" "CARGO_HOME=/opt/rustwide/cargo-home" "-e" "RUSTUP_HOME=/opt/rustwide/rustup-home" "-w" "/opt/rustwide/workdir" "-m" "1610612736" "--user" "0:0" "--network" "none" "ghcr.io/rust-lang/crates-build-env/linux@sha256:20528e8c29e4536546f0102ce88568b16ea7538393a33fcca951030f7af10457" "/opt/rustwide/cargo-home/bin/cargo" "+ff34b919075f35a1787659e9c448a34b06bab8de" "build" "--frozen" "--message-format=json", kill_on_drop: false }`
[INFO] [stdout] 1fd585ea30a1224e313e76e85ffacadb4d2a7ac1facd6124f18eecb3e0f896ea
[INFO] [stderr] WARNING: Your kernel does not support swap limit capabilities or the cgroup is not mounted. Memory limited without swap.
[INFO] running `Command { std: "docker" "start" "-a" "1fd585ea30a1224e313e76e85ffacadb4d2a7ac1facd6124f18eecb3e0f896ea", kill_on_drop: false }`
[INFO] [stderr]    Compiling autocfg v1.0.1
[INFO] [stderr]    Compiling libm v0.2.1
[INFO] [stderr]    Compiling cfg-if v0.1.10
[INFO] [stderr]    Compiling version_check v0.9.2
[INFO] [stderr]    Compiling typenum v1.12.0
[INFO] [stderr]    Compiling paste v1.0.2
[INFO] [stderr]    Compiling rawpointer v0.2.1
[INFO] [stderr]    Compiling getrandom v0.1.15
[INFO] [stderr]    Compiling matrixmultiply v0.2.3
[INFO] [stderr]    Compiling rand_core v0.5.1
[INFO] [stderr]    Compiling num-traits v0.2.14
[INFO] [stderr]    Compiling num-integer v0.1.44
[INFO] [stderr]    Compiling num-rational v0.3.1
[INFO] [stderr]    Compiling generic-array v0.14.4
[INFO] [stderr]    Compiling rand_chacha v0.2.2
[INFO] [stderr]    Compiling rand v0.7.3
[INFO] [stderr]    Compiling num-complex v0.3.1
[INFO] [stderr]    Compiling approx v0.4.0
[INFO] [stderr]    Compiling rand_distr v0.3.0
[INFO] [stderr]    Compiling simba v0.3.1
[INFO] [stderr]    Compiling nalgebra v0.23.0
[INFO] [stderr]    Compiling rustracer v0.1.0 (/opt/rustwide/workdir)
[INFO] [stdout] error[E0583]: file not found for module `ray`
[INFO] [stdout]  --> src/utils/mod.rs:1:1
[INFO] [stdout]   |
[INFO] [stdout] 1 | pub mod ray;
[INFO] [stdout]   | ^^^^^^^^^^^^
[INFO] [stdout]   |
[INFO] [stdout]   = help: to create the module `ray`, create file "src/utils/ray.rs" or "src/utils/ray/mod.rs"
[INFO] [stdout] 
[INFO] [stdout] 
[INFO] [stdout] error[E0583]: file not found for module `vec3`
[INFO] [stdout]  --> src/utils/mod.rs:2:1
[INFO] [stdout]   |
[INFO] [stdout] 2 | pub mod vec3;
[INFO] [stdout]   | ^^^^^^^^^^^^^
[INFO] [stdout]   |
[INFO] [stdout]   = help: to create the module `vec3`, create file "src/utils/vec3.rs" or "src/utils/vec3/mod.rs"
[INFO] [stdout] 
[INFO] [stdout] 
[INFO] [stdout] error[E0432]: unresolved import `vec3::Vec3`
[INFO] [stdout]  --> src/utils/mod.rs:4:5
[INFO] [stdout]   |
[INFO] [stdout] 4 | use vec3::Vec3 as Color;
[INFO] [stdout]   |     ^^^^^^^^^^^^^^^^^^^ no `Vec3` in `utils::vec3`
[INFO] [stdout] 
[INFO] [stdout] 
[INFO] [stdout] error[E0432]: unresolved import `vec3::Vec3`
[INFO] [stdout]  --> src/utils/mod.rs:5:5
[INFO] [stdout]   |
[INFO] [stdout] 5 | use vec3::Vec3 as Point3;
[INFO] [stdout]   |     ^^^^^^^^^^^^^^^^^^^^ no `Vec3` in `utils::vec3`
[INFO] [stdout] 
[INFO] [stdout] 
[INFO] [stdout] error[E0432]: unresolved import `utils::vec3::Vec3`
[INFO] [stdout]  --> src/main.rs:2:5
[INFO] [stdout]   |
[INFO] [stdout] 2 | use utils::vec3::Vec3;
[INFO] [stdout]   |     ^^^^^^^^^^^^^^^^^ no `Vec3` in `utils::vec3`
[INFO] [stdout] 
[INFO] [stdout] 
[INFO] [stdout] error[E0432]: unresolved import `utils::ray::Ray`
[INFO] [stdout]  --> src/main.rs:3:5
[INFO] [stdout]   |
[INFO] [stdout] 3 | use utils::ray::Ray;
[INFO] [stdout]   |     ^^^^^^^^^^^^^^^ no `Ray` in `utils::ray`
[INFO] [stdout] 
[INFO] [stdout] 
[INFO] [stdout] error: aborting due to 6 previous errors
[INFO] [stdout] 
[INFO] [stdout] 
[INFO] [stdout] Some errors have detailed explanations: E0432, E0583.
[INFO] [stdout] 
[INFO] [stdout] For more information about an error, try `rustc --explain E0432`.
[INFO] [stdout] 
[INFO] [stderr] error: could not compile `rustracer`
[INFO] [stderr] 
[INFO] [stderr] To learn more, run the command again with --verbose.
[INFO] running `Command { std: "docker" "inspect" "1fd585ea30a1224e313e76e85ffacadb4d2a7ac1facd6124f18eecb3e0f896ea", kill_on_drop: false }`
[INFO] running `Command { std: "docker" "rm" "-f" "1fd585ea30a1224e313e76e85ffacadb4d2a7ac1facd6124f18eecb3e0f896ea", kill_on_drop: false }`
[INFO] [stdout] 1fd585ea30a1224e313e76e85ffacadb4d2a7ac1facd6124f18eecb3e0f896ea
